{"id":741,"date":"2021-04-29T11:55:31","date_gmt":"2021-04-29T09:55:31","guid":{"rendered":"http:\/\/jagd-im-mittelalter.de\/?page_id=741"},"modified":"2021-05-12T12:38:51","modified_gmt":"2021-05-12T10:38:51","slug":"publikationen","status":"publish","type":"page","link":"http:\/\/jagd-im-mittelalter.de\/?page_id=741","title":{"rendered":"Publikationen"},"content":{"rendered":"<ul>\n<li>\n<p style=\"font-size: 17px; text-align: justify;\">Schultz-Balluff, Simone: Ein jagdlicher \u201aAllrounder\u2018 im Sp\u00e4tmittelalter? \u00dcberlgungen zum Benutzungsprofil des M\u00fcnchener Jagdbuchs (UB M\u00fcnchen, 8\u00b0 Cod. ms. 354). Blogbeitrag \u201eNetzwerk Historische Wissens- und Gebrauchsliteratur\u201c, 20.04.2021 (<a href=\"https:\/\/hwgl.hypotheses.org\/1397\">https:\/\/hwgl.hypotheses.org\/1397<\/a>).<\/p>\n<\/li>\n<li>\n<p style=\"font-size: 17px; text-align: justify;\">Schultz-Balluff, Simone: Es sint dreyerley ha\u00dfen. Von herabh\u00e4ngenden L\u00f6ffeln, erstarrten Hasen und dem Klopfen auf den Busch. In: HALALI, 2\/2021, S. 143-149.<\/p>\n<\/li>\n<li>\n<p style=\"font-size: 17px; text-align: justify;\">Schultz-Balluff, Simone: Hoppa waidman, frisch und hayl, so wirt dir auch dein tayl! Tipps aus der Satteltasche? Ein handliches Jagdbuch aus dem 15. Jahrhundert im Einsatz. In: HALALI, 1\/2021, S. 144-151.<\/p>\n<\/li>\n<li>\n<p style=\"font-size: 17px; text-align: justify;\">Schultz-Balluff, Simone: Konstanz und Varianz in der Fachsprache. Ein Modell zur Erschlie\u00dfung des fachsprachli\u00adchen Gehalts am Beispiel der Waidmannssprache. In: Luise Czajkowski\/ Sabrina Ulbrich\/\u00a0Christina Waldvogel (Hgg.): Sprachwandel des Deut\u00adschen. Berlin\/\u00a0Bos\u00adton 2018, S. 253-269. (Lingua Historica Germanica. Studien und Quellen zur Ge\u00adschichte der deut\u00adschen Spra\u00adche und Literatur).<\/p>\n<\/li>\n<li>\n<p style=\"font-size: 17px; text-align: justify;\">Schultz-Balluff, Simone: Mit Geselle Hund aus einem Trog gegessen. \u00dcberlegungen zur Rekonstruktion von Wissens\u00adbereichen \u00fcber Textsortengrenzen hinweg am Beispiel des \u201aLeithundes\u2018. In: Nina Bartsch\/\u00a0Simone Schultz-Balluff (Hgg.): Perspektivwechsel. Oder: Die Wieder-entde\u00adckung der Philologie. Bd. 2: Grenzg\u00e4nge und Grenz\u00fcberschreitungen. Zusam\u00admen\u00adspiele von Sprache und Literatur in Mittelalter und Fr\u00fcher Neuzeit (zugleich FS Klaus-Peter Wegera). Berlin 2016, S.\u00a0 201-221.<\/p>\n<\/li>\n<\/ul>\n<p><!-- \/wp:tadv\/classic-paragraph --><\/p>\n","protected":false},"excerpt":{"rendered":"<p>Schultz-Balluff, Simone: Ein jagdlicher \u201aAllrounder\u2018 im Sp\u00e4tmittelalter? \u00dcberlgungen zum Benutzungsprofil des M\u00fcnchener Jagdbuchs (UB M\u00fcnchen, 8\u00b0 Cod. ms. 354). Blogbeitrag \u201eNetzwerk Historische Wissens- und Gebrauchsliteratur\u201c, 20.04.2021 (https:\/\/hwgl.hypotheses.org\/1397). Schultz-Balluff, Simone: Es sint dreyerley ha\u00dfen. Von herabh\u00e4ngenden L\u00f6ffeln, erstarrten Hasen und dem Klopfen auf den Busch. In: HALALI, 2\/2021, S. 143-149. Schultz-Balluff, Simone: Hoppa waidman, frisch und&#8230;<\/p>\n","protected":false},"author":1,"featured_media":0,"parent":0,"menu_order":0,"comment_status":"closed","ping_status":"closed","template":"","meta":{"_links_to":"","_links_to_target":""},"_links":{"self":[{"href":"http:\/\/jagd-im-mittelalter.de\/index.php?rest_route=\/wp\/v2\/pages\/741"}],"collection":[{"href":"http:\/\/jagd-im-mittelalter.de\/index.php?rest_route=\/wp\/v2\/pages"}],"about":[{"href":"http:\/\/jagd-im-mittelalter.de\/index.php?rest_route=\/wp\/v2\/types\/page"}],"author":[{"embeddable":true,"href":"http:\/\/jagd-im-mittelalter.de\/index.php?rest_route=\/wp\/v2\/users\/1"}],"replies":[{"embeddable":true,"href":"http:\/\/jagd-im-mittelalter.de\/index.php?rest_route=%2Fwp%2Fv2%2Fcomments&post=741"}],"version-history":[{"count":27,"href":"http:\/\/jagd-im-mittelalter.de\/index.php?rest_route=\/wp\/v2\/pages\/741\/revisions"}],"predecessor-version":[{"id":1192,"href":"http:\/\/jagd-im-mittelalter.de\/index.php?rest_route=\/wp\/v2\/pages\/741\/revisions\/1192"}],"wp:attachment":[{"href":"http:\/\/jagd-im-mittelalter.de\/index.php?rest_route=%2Fwp%2Fv2%2Fmedia&parent=741"}],"curies":[{"name":"wp","href":"https:\/\/api.w.org\/{rel}","templated":true}]}}