{"id":147,"date":"2017-12-07T16:43:55","date_gmt":"2017-12-07T15:43:55","guid":{"rendered":"http:\/\/jagd-im-mittelalter.de\/?page_id=147"},"modified":"2023-01-13T13:34:46","modified_gmt":"2023-01-13T12:34:46","slug":"zur-person","status":"publish","type":"page","link":"http:\/\/jagd-im-mittelalter.de\/?page_id=147","title":{"rendered":"Zur Person"},"content":{"rendered":"<p style=\"text-align: justify;\"><img decoding=\"async\" loading=\"lazy\" class=\"alignleft wp-image-516\" src=\"http:\/\/jagd-im-mittelalter.de\/wp-content\/uploads\/2018\/09\/IMG_9505-193x300.jpg\" alt=\"\" width=\"200\" height=\"311\" srcset=\"http:\/\/jagd-im-mittelalter.de\/wp-content\/uploads\/2018\/09\/IMG_9505-193x300.jpg 193w, http:\/\/jagd-im-mittelalter.de\/wp-content\/uploads\/2018\/09\/IMG_9505-768x1195.jpg 768w, http:\/\/jagd-im-mittelalter.de\/wp-content\/uploads\/2018\/09\/IMG_9505-658x1024.jpg 658w, http:\/\/jagd-im-mittelalter.de\/wp-content\/uploads\/2018\/09\/IMG_9505.jpg 839w\" sizes=\"(max-width: 200px) 100vw, 200px\" \/><\/p>\n<p style=\"padding-left: 240px; text-align: justify;\"><span style=\"font-size: 12pt;\">WiSe 2010\/2011-SoSe 2013: 2-Fach-Bachelor-Studium der F\u00e4cher Geschichte und Germanistik an der Ruhr-Universit\u00e4t Bochum<\/span><\/p>\n<p style=\"text-align: justify; padding-left: 240px;\"><span style=\"font-size: 12pt;\">Oktober 2013: Erlangung des Grades eines Bachelor of Arts mit einerArbeit zur \u201aHeraldik der K\u00f6lner Geschlechter\u2018<\/span><\/p>\n<p style=\"text-align: justify; padding-left: 240px;\"><span style=\"font-size: 12pt;\">WiSe 2013-SoSe 2016: 2-Fach-Master-Studium der F\u00e4cher Geschichte und Germanistik an der Ruhr-Universit\u00e4t Bochum<\/span><\/p>\n<p style=\"text-align: justify; padding-left: 240px;\"><span style=\"font-size: 12pt;\">Januar 2013-September 2013: Studentische Hilfskraft am Lehrgebiet \u201aGeschichte und Gegenwart Alteuropas\u2018 (FernUniversit\u00e4t Hagen, Historisches Institut, Prof. Dr. Felicitas Schmieder)<br \/>\n<\/span><\/p>\n<p style=\"text-align: justify; padding-left: 240px;\"><span style=\"font-size: 12pt;\">Oktober 2013-Mai 2016: Studentische Hilfskraft im DFG-Forschungsprojekt: \u201a<a href=\"https:\/\/www.linguistics.rub.de\/anselm\/people\/index.html\" target=\"_blank\" rel=\"noopener\">\u201eSt. Anselmi Fragen an Maria\u201c \u2013 (digitale) Erschlie\u00dfung, Auswertung und Edition der gesamten deutschsprachigen \u00dcberlieferung (14.-16. Jahrhundert)\u2018<\/a> (Ruhr-Universit\u00e4t Bochum, Germanistisches Institut, Lehrstuhl Altgermanistik I, PD Dr. Simone Schultz-Balluff)<br \/>\n<\/span><\/p>\n<p style=\"text-align: justify; padding-left: 240px;\"><span style=\"font-size: 12pt;\">Oktober 2013-M\u00e4rz 2014: Studentische Hilfskraft im Partnerprojekt des DFG-Forschungsprojekts \u201a<a href=\"https:\/\/www.linguistics.rub.de\/anselm\/people\/index.html\" target=\"_blank\" rel=\"noopener\">\u201eSt. Anselmi Fragen an Maria\u201c \u2013 (digitale) Erschlie\u00dfung, Auswertung und Edition der gesamten deutschsprachigen \u00dcberlieferung (14.-16. Jahrhundert)\u2018<\/a> (Ruhr-Universit\u00e4t Bochum, Sprachwissenschaftliches Institut, Lehrstuhl f\u00fcr Computerlinguistik, Prof. Dr. Stefanie Dipper)<\/span><\/p>\n<p style=\"text-align: justify; padding-left: 240px;\"><span style=\"font-size: 12pt;\">August 2014-Mai 2016: Mitarbeiter und Sprecher mittelhochdeutscher Texte im Projekt \u201aH\u00f6rbuch Mittelalter\u2018. Begleit-Audio zum Lehrbuch von Klaus-Peter Wegera, Simone Schultz-Balluff und Nina Bartsch: \u201aMittelhochdeutsch als fremde Sprache. Eine Einf\u00fchrung in das Studium der medi\u00e4vistischen Germanistik\u2018 (Ruhr-Universit\u00e4t Bochum, Germanistisches Institut, Dr. Dorothee Lindemann)<\/span><\/p>\n<p style=\"text-align: justify; padding-left: 240px;\"><span style=\"font-size: 12pt;\">Dezember 2015-Februar 2016: Studentische Hilfskraft am Lehrstuhl Altgermanistik I (Ruhr-Universit\u00e4t Bochum, Germanistisches Institut, Prof. Dr. Klaus-Peter Wegera)<\/span><\/p>\n<p style=\"text-align: justify; padding-left: 240px;\"><span style=\"font-size: 12pt;\">Mai 2016: Erlangung des Grades eines Master of Arts mit einer Arbeit zum Thema \u201aZwischen Kr\u00e4uterbuch und Rezeptar \u2013 Das\u00a0<em>Promptuarium Medicine<\/em>\u00a0aus dem Kloster Wienhausen\u2018<\/span><\/p>\n<p style=\"text-align: justify; padding-left: 240px;\"><span style=\"font-size: 12pt;\">Juni 2016-September 2017: Wissenschaftliche Hilfskraft im DFG-Forschungsprojekt: \u201a<a href=\"https:\/\/www.linguistics.rub.de\/anselm\/people\/index.html\" target=\"_blank\" rel=\"noopener\">\u201eSt. Anselmi Fragen an Maria\u201c \u2013 (digitale) Erschlie\u00dfung, Auswertung und Edition der gesamten deutschsprachigen \u00dcberlieferung (14.-16. Jahrhundert)\u2018<\/a> (Ruhr-Universit\u00e4t Bochum, Germanistisches Institut, Lehrstuhl Altgermanistik I, PD Dr. Simone Schultz-Balluff)<\/span><\/p>\n<p style=\"text-align: justify; padding-left: 240px;\"><span style=\"font-size: 12pt;\">Juli 2016-M\u00e4rz 2017: Mitarbeit im von der Gerda-Henkel-Stiftung gef\u00f6rderten Projekt <a href=\"https:\/\/www.gerda-henkel-stiftung.de\/?page_id=94423\" target=\"_blank\" rel=\"noopener\">\u201aNetzwerke der Nonnen. Edition und Erschlie\u00dfung der Briefsammlung aus Kloster L\u00fcne (ca. 1460-1555)<\/a> (Heinrich-Heine-Universit\u00e4t D\u00fcsseldorf, Institut f\u00fcr Geschichtswissenschaft, Prof. Dr. Eva Schlotheuber\/University of Oxford, Humanities Division, Prof. Dr. Henrike L\u00e4hnemann)<\/span><\/p>\n<p style=\"text-align: justify; padding-left: 240px;\"><span style=\"font-size: 12pt;\">Oktober 2016-M\u00e4rz 2017: Academic Visitor an der University of Oxford, Faculty of Medieval and Modern Languages, Chair in Medieval German, Prof. Dr. Henrike L\u00e4hnemann<\/span><\/p>\n<p style=\"padding-left: 240px; text-align: justify;\"><span style=\"font-size: 12pt;\">Mai 2017-April 2018:\u00a0Gastwissenschaftler zu Forschungszwecken am Germanistischen Institut der Universit\u00e4t Rostock<\/span><\/p>\n<p style=\"text-align: justify; padding-left: 240px;\"><span style=\"font-size: 12pt;\">April 2017-Juli 2022: Promotionsstudent im Fach \u201aDeutsche Sprache und \u00e4ltere deutsche Literatur\u2018 an der\u00a0Rheinischen Friedrich-Wilhelms-Universit\u00e4t Bonn (<a href=\"http:\/\/jagd-im-mittelalter.de\/?page_id=370\">Dissertationsskizze<\/a>)<\/span><\/p>\n<p style=\"padding-left: 240px; text-align: justify;\"><span style=\"font-size: 12pt;\">Sommersemester 2018-Sommersemester 2021: Lehrbeauftragter am Institut f\u00fcr Germanistik, Vergleichende Literatur- und Kulturwissenschaft der\u00a0Rheinischen Friedrich-Wilhelms-Universit\u00e4t Bonn<\/span><\/p>\n<p style=\"text-align: justify; padding-left: 240px;\"><span style=\"font-size: 12pt;\">Oktober 2017-M\u00e4rz 2022: Wissenschaftlicher Mitarbeiter im DFG-Forschungsprojekt \u201aDie Jagd in deutschsprachigen Fachtexten des Mittelalters und der fr\u00fchen Neuzeit\u2018 (Rheinische Friedrich-Wilhelms Universit\u00e4t Bonn, PD Dr. Simone Schultz-Balluff)<\/span><\/p>\n<p style=\"padding-left: 240px; text-align: justify;\"><span style=\"font-size: 12pt;\">seit April 2022: Wissenschaftlicher Mitarbeiter am Germanistischen Institut\/Abteilung Altgermanistik der Martin-Luther-Universit\u00e4t Halle-Wittenberg, Prof. Dr. Simone Schultz-Balluff)<\/span><\/p>\n<p style=\"padding-left: 240px; text-align: justify;\"><span style=\"font-size: 12pt;\">Dezember 2022: Promotion mit der Arbeit &#8218;Wissen in Nonnenhand. Heilkundliche Texte aus norddeutschen Frauenkl\u00f6stern&#8216; an der Martin-Luther-Universit\u00e4t Halle-Wittenberg; Gutachterinnen: Prof. Dr. Simone Schultz-Balluff (Halle), Prof. Dr. Henrike L\u00e4hnemann (Oxford)<\/span><\/p>\n<p style=\"margin-top: 35px;\">\n<h4 style=\"padding-left: 240px;\"><strong>STIPENDIEN<\/strong><\/h4>\n<p style=\"padding-left: 240px; text-align: justify;\"><span style=\"font-size: 12pt;\">Stipendiat der Alfried Krupp von Bohlen und Halbach-Stiftung am 5. Alfried Krupp-Sommerkurs f\u00fcr Handschriftenkultur \u201eEinf\u00fchrung in die Handschriftenkultur des Mittelalters\u201c an der Universit\u00e4tsbibliothek Leipzig (13.-19. September 2015)<\/span><\/p>\n<p style=\"padding-left: 240px; text-align: justify;\"><span style=\"font-size: 12pt;\">\u201eErasmus+\u201c-Auslandsstipendium f\u00fcr ein Praktikum als Academic Visitor an der University of Oxford, Faculty of Medieval and Modern Languages, Chair in Medieval German, Prof. Dr. Henrike L\u00e4hnemann (01. Oktober 2016-31. M\u00e4rz 2017)<\/span><\/p>\n<p style=\"padding-left: 240px; text-align: justify;\"><span style=\"font-size: 12pt;\">Stipendiat der Alfried Krupp von Bohlen und Halbach-Stiftung am 6. Alfried Krupp-Sommerkurs f\u00fcr Handschriftenkultur\u00a0\u201eHandschriftenkultur des Mittelalters f\u00fcr Fortgeschrittene<em>\u201c<\/em> an der Universit\u00e4tsbibliothek Leipzig (17.-23. September 2017)<\/span><\/p>\n<p style=\"padding-left: 240px; text-align: justify;\"><span style=\"font-size: 12pt;\">Promotionsstipendiat der Studienstiftung des deutschen Volkes (2018-2020)<\/span><\/p>\n","protected":false},"excerpt":{"rendered":"<p>WiSe 2010\/2011-SoSe 2013: 2-Fach-Bachelor-Studium der F\u00e4cher Geschichte und Germanistik an der Ruhr-Universit\u00e4t Bochum Oktober 2013: Erlangung des Grades eines Bachelor of Arts mit einerArbeit zur \u201aHeraldik der K\u00f6lner Geschlechter\u2018 WiSe 2013-SoSe 2016: 2-Fach-Master-Studium der F\u00e4cher Geschichte und Germanistik an der Ruhr-Universit\u00e4t Bochum Januar 2013-September 2013: Studentische Hilfskraft am Lehrgebiet \u201aGeschichte und Gegenwart Alteuropas\u2018 (FernUniversit\u00e4t Hagen,&#8230;<\/p>\n","protected":false},"author":1,"featured_media":0,"parent":74,"menu_order":0,"comment_status":"closed","ping_status":"closed","template":"","meta":{"_links_to":"","_links_to_target":""},"_links":{"self":[{"href":"http:\/\/jagd-im-mittelalter.de\/index.php?rest_route=\/wp\/v2\/pages\/147"}],"collection":[{"href":"http:\/\/jagd-im-mittelalter.de\/index.php?rest_route=\/wp\/v2\/pages"}],"about":[{"href":"http:\/\/jagd-im-mittelalter.de\/index.php?rest_route=\/wp\/v2\/types\/page"}],"author":[{"embeddable":true,"href":"http:\/\/jagd-im-mittelalter.de\/index.php?rest_route=\/wp\/v2\/users\/1"}],"replies":[{"embeddable":true,"href":"http:\/\/jagd-im-mittelalter.de\/index.php?rest_route=%2Fwp%2Fv2%2Fcomments&post=147"}],"version-history":[{"count":36,"href":"http:\/\/jagd-im-mittelalter.de\/index.php?rest_route=\/wp\/v2\/pages\/147\/revisions"}],"predecessor-version":[{"id":1395,"href":"http:\/\/jagd-im-mittelalter.de\/index.php?rest_route=\/wp\/v2\/pages\/147\/revisions\/1395"}],"up":[{"embeddable":true,"href":"http:\/\/jagd-im-mittelalter.de\/index.php?rest_route=\/wp\/v2\/pages\/74"}],"wp:attachment":[{"href":"http:\/\/jagd-im-mittelalter.de\/index.php?rest_route=%2Fwp%2Fv2%2Fmedia&parent=147"}],"curies":[{"name":"wp","href":"https:\/\/api.w.org\/{rel}","templated":true}]}}